{"id":1462,"date":"2018-10-24T21:06:16","date_gmt":"2018-10-24T19:06:16","guid":{"rendered":"http:\/\/kamblyco.cyon.link\/?post_type=products&#038;p=1462"},"modified":"2025-04-01T11:39:04","modified_gmt":"2025-04-01T09:39:04","slug":"primavera","status":"publish","type":"products","link":"https:\/\/kambly.de\/de\/product\/primavera\/","title":{"rendered":"Primavera"},"template":"","products_type":[6,13,11],"class_list":["post-1462","products","type-products","status-publish","hentry","product-type-feingebaeck-kambly","product-type-mit-schokolade","product-type-mit-mandeln-nuesse"],"acf":[],"taxonomy-product-tag":false,"taxonomy-product-type":[6,13,11],"product-preview":{"image":{"ID":10723,"id":10723,"title":"kambly-primavera-packshot_774x504","filename":"kambly-primavera-packshot_774x504.png","filesize":350720,"url":"https:\/\/kambly.de\/app\/uploads\/2018\/10\/kambly-primavera-packshot_774x504.png","link":"https:\/\/kambly.de\/de\/product\/primavera\/kambly-primavera-packshot_774x504\/","alt":"","author":"10","description":"","caption":"","name":"kambly-primavera-packshot_774x504","status":"inherit","uploaded_to":1462,"date":"2025-04-01 09:38:26","modified":"2025-04-01 09:38:26","menu_order":0,"mime_type":"image\/png","type":"image","subtype":"png","icon":"https:\/\/kambly.de\/wp\/wp-includes\/images\/media\/default.png","width":774,"height":504,"sizes":{"thumbnail":"https:\/\/kambly.de\/app\/uploads\/2018\/10\/kambly-primavera-packshot_774x504-150x150.png","thumbnail-width":150,"thumbnail-height":150,"medium":"https:\/\/kambly.de\/app\/uploads\/2018\/10\/kambly-primavera-packshot_774x504-300x195.png","medium-width":300,"medium-height":195,"medium_large":"https:\/\/kambly.de\/app\/uploads\/2018\/10\/kambly-primavera-packshot_774x504-768x500.png","medium_large-width":768,"medium_large-height":500,"large":"https:\/\/kambly.de\/app\/uploads\/2018\/10\/kambly-primavera-packshot_774x504.png","large-width":774,"large-height":504,"1536x1536":"https:\/\/kambly.de\/app\/uploads\/2018\/10\/kambly-primavera-packshot_774x504.png","1536x1536-width":774,"1536x1536-height":504,"2048x2048":"https:\/\/kambly.de\/app\/uploads\/2018\/10\/kambly-primavera-packshot_774x504.png","2048x2048-width":774,"2048x2048-height":504}},"text":"Edle Vielfalt und Abwechslung f\u00fcr Sie und Ihre G\u00e4ste: Erlesene Mischung feinster Schweizer Geb\u00e4ckspezialit\u00e4ten mit 8 Sorten"},"product-heading":{"lead":"Kambly Primavera verw\u00f6hnt Sie und Ihre G\u00e4ste mit einer edlen Vielfalt feinster Schweizer Feingeb\u00e4ck-Spezialit\u00e4ten. Acht erlesene Klassiker schenken immer wieder neue Geschmackserlebnisse und reiche Abwechslung. Zelebrieren Sie sch\u00f6ne Momente des Geniessens.  "},"image-slider":[{"image":{"ID":10673,"id":10673,"title":"Primavera_896x515","filename":"Primavera_896x515.jpg","filesize":74084,"url":"https:\/\/kambly.de\/app\/uploads\/2018\/10\/Primavera_896x515.jpg","link":"https:\/\/kambly.de\/de\/product\/primavera\/primavera_896x515\/","alt":"","author":"15","description":"","caption":"","name":"primavera_896x515","status":"inherit","uploaded_to":1462,"date":"2025-02-20 14:41:21","modified":"2025-02-20 14:41:21","menu_order":0,"mime_type":"image\/jpeg","type":"image","subtype":"jpeg","icon":"https:\/\/kambly.de\/wp\/wp-includes\/images\/media\/default.png","width":896,"height":515,"sizes":{"thumbnail":"https:\/\/kambly.de\/app\/uploads\/2018\/10\/Primavera_896x515-150x150.jpg","thumbnail-width":150,"thumbnail-height":150,"medium":"https:\/\/kambly.de\/app\/uploads\/2018\/10\/Primavera_896x515-300x172.jpg","medium-width":300,"medium-height":172,"medium_large":"https:\/\/kambly.de\/app\/uploads\/2018\/10\/Primavera_896x515-768x441.jpg","medium_large-width":768,"medium_large-height":441,"large":"https:\/\/kambly.de\/app\/uploads\/2018\/10\/Primavera_896x515.jpg","large-width":896,"large-height":515,"1536x1536":"https:\/\/kambly.de\/app\/uploads\/2018\/10\/Primavera_896x515.jpg","1536x1536-width":896,"1536x1536-height":515,"2048x2048":"https:\/\/kambly.de\/app\/uploads\/2018\/10\/Primavera_896x515.jpg","2048x2048-width":896,"2048x2048-height":515}}}],"product-images":{"image-slider":[{"image":{"ID":10673,"id":10673,"title":"Primavera_896x515","filename":"Primavera_896x515.jpg","filesize":74084,"url":"https:\/\/kambly.de\/app\/uploads\/2018\/10\/Primavera_896x515.jpg","link":"https:\/\/kambly.de\/de\/product\/primavera\/primavera_896x515\/","alt":"","author":"15","description":"","caption":"","name":"primavera_896x515","status":"inherit","uploaded_to":1462,"date":"2025-02-20 14:41:21","modified":"2025-02-20 14:41:21","menu_order":0,"mime_type":"image\/jpeg","type":"image","subtype":"jpeg","icon":"https:\/\/kambly.de\/wp\/wp-includes\/images\/media\/default.png","width":896,"height":515,"sizes":{"thumbnail":"https:\/\/kambly.de\/app\/uploads\/2018\/10\/Primavera_896x515-150x150.jpg","thumbnail-width":150,"thumbnail-height":150,"medium":"https:\/\/kambly.de\/app\/uploads\/2018\/10\/Primavera_896x515-300x172.jpg","medium-width":300,"medium-height":172,"medium_large":"https:\/\/kambly.de\/app\/uploads\/2018\/10\/Primavera_896x515-768x441.jpg","medium_large-width":768,"medium_large-height":441,"large":"https:\/\/kambly.de\/app\/uploads\/2018\/10\/Primavera_896x515.jpg","large-width":896,"large-height":515,"1536x1536":"https:\/\/kambly.de\/app\/uploads\/2018\/10\/Primavera_896x515.jpg","1536x1536-width":896,"1536x1536-height":515,"2048x2048":"https:\/\/kambly.de\/app\/uploads\/2018\/10\/Primavera_896x515.jpg","2048x2048-width":896,"2048x2048-height":515}}}]},"product-informations":{"nutritions":[5357]},"product-history-slider-show":false,"products-chain-type":"none","products-chain-select":{"products-chain-type":"none"},"share":{"title":"Primavera","text":"Edle Vielfalt und Abwechslung f\u00fcr Sie und Ihre G\u00e4ste: Erlesene Mischung feinster Schweizer Geb\u00e4ckspezialit\u00e4ten mit 8 Sorten","image":{"ID":9515,"id":9515,"title":"Kambly Primavera 2021_1200x630","filename":"Kambly-Primavera-2021_1200x630.jpg","filesize":59785,"url":"https:\/\/kambly.de\/app\/uploads\/2021\/06\/Kambly-Primavera-2021_1200x630.jpg","link":"https:\/\/kambly.de\/de\/product\/primavera\/kambly-primavera-2021_1200x630\/","alt":"","author":"10","description":"","caption":"","name":"kambly-primavera-2021_1200x630","status":"inherit","uploaded_to":1462,"date":"2021-06-02 05:45:17","modified":"2021-06-02 05:46:23","menu_order":0,"mime_type":"image\/jpeg","type":"image","subtype":"jpeg","icon":"https:\/\/kambly.de\/wp\/wp-includes\/images\/media\/default.png","width":1200,"height":630,"sizes":{"thumbnail":"https:\/\/kambly.de\/app\/uploads\/2021\/06\/Kambly-Primavera-2021_1200x630-150x150.jpg","thumbnail-width":150,"thumbnail-height":150,"medium":"https:\/\/kambly.de\/app\/uploads\/2021\/06\/Kambly-Primavera-2021_1200x630-300x158.jpg","medium-width":300,"medium-height":158,"medium_large":"https:\/\/kambly.de\/app\/uploads\/2021\/06\/Kambly-Primavera-2021_1200x630-768x403.jpg","medium_large-width":768,"medium_large-height":403,"large":"https:\/\/kambly.de\/app\/uploads\/2021\/06\/Kambly-Primavera-2021_1200x630-1024x538.jpg","large-width":1024,"large-height":538,"1536x1536":"https:\/\/kambly.de\/app\/uploads\/2021\/06\/Kambly-Primavera-2021_1200x630.jpg","1536x1536-width":1200,"1536x1536-height":630,"2048x2048":"https:\/\/kambly.de\/app\/uploads\/2021\/06\/Kambly-Primavera-2021_1200x630.jpg","2048x2048-width":1200,"2048x2048-height":630}},"keywords":"Primavera, Biscuit, Biscuitmischung, Feingeb\u00e4ck,"},"overview-button-type-select":"mixed","product_tekrum":false,"product-recipes-show":false,"recipes-teaser-title":"","recipes-teaser-selection":"","recipes-teaser":{"recipes-teaser-title":"","recipes-teaser-selection":""},"seo":{"disallow_indexing":false,"":null,"share":{"title":"Primavera","text":"Edle Vielfalt und Abwechslung f\u00fcr Sie und Ihre G\u00e4ste: Erlesene Mischung feinster Schweizer Geb\u00e4ckspezialit\u00e4ten mit 8 Sorten","image":{"ID":9515,"id":9515,"title":"Kambly Primavera 2021_1200x630","filename":"Kambly-Primavera-2021_1200x630.jpg","filesize":59785,"url":"https:\/\/kambly.de\/app\/uploads\/2021\/06\/Kambly-Primavera-2021_1200x630.jpg","link":"https:\/\/kambly.de\/de\/product\/primavera\/kambly-primavera-2021_1200x630\/","alt":"","author":"10","description":"","caption":"","name":"kambly-primavera-2021_1200x630","status":"inherit","uploaded_to":1462,"date":"2021-06-02 05:45:17","modified":"2021-06-02 05:46:23","menu_order":0,"mime_type":"image\/jpeg","type":"image","subtype":"jpeg","icon":"https:\/\/kambly.de\/wp\/wp-includes\/images\/media\/default.png","width":1200,"height":630,"sizes":{"thumbnail":"https:\/\/kambly.de\/app\/uploads\/2021\/06\/Kambly-Primavera-2021_1200x630-150x150.jpg","thumbnail-width":150,"thumbnail-height":150,"medium":"https:\/\/kambly.de\/app\/uploads\/2021\/06\/Kambly-Primavera-2021_1200x630-300x158.jpg","medium-width":300,"medium-height":158,"medium_large":"https:\/\/kambly.de\/app\/uploads\/2021\/06\/Kambly-Primavera-2021_1200x630-768x403.jpg","medium_large-width":768,"medium_large-height":403,"large":"https:\/\/kambly.de\/app\/uploads\/2021\/06\/Kambly-Primavera-2021_1200x630-1024x538.jpg","large-width":1024,"large-height":538,"1536x1536":"https:\/\/kambly.de\/app\/uploads\/2021\/06\/Kambly-Primavera-2021_1200x630.jpg","1536x1536-width":1200,"1536x1536-height":630,"2048x2048":"https:\/\/kambly.de\/app\/uploads\/2021\/06\/Kambly-Primavera-2021_1200x630.jpg","2048x2048-width":1200,"2048x2048-height":630}},"keywords":"Primavera, Biscuit, Biscuitmischung, Feingeb\u00e4ck,"}},"product-buy":{"show":true,"label":"order","link":{"title":"","url":"https:\/\/kambly.de\/de\/shop\/mischungen\/mischung-primavera-175-g","target":"_blank"}},"product-slider-show":false,"disallow_indexing":false,"_links":{"self":[{"href":"https:\/\/kambly.de\/de\/wp-json\/wp\/v2\/products\/1462","targetHints":{"allow":["GET"]}}],"collection":[{"href":"https:\/\/kambly.de\/de\/wp-json\/wp\/v2\/products"}],"about":[{"href":"https:\/\/kambly.de\/de\/wp-json\/wp\/v2\/types\/products"}],"wp:attachment":[{"href":"https:\/\/kambly.de\/de\/wp-json\/wp\/v2\/media?parent=1462"}],"wp:term":[{"taxonomy":"product-type","embeddable":true,"href":"https:\/\/kambly.de\/de\/wp-json\/wp\/v2\/products_type?post=1462"}],"curies":[{"name":"wp","href":"https:\/\/api.w.org\/{rel}","templated":true}]}}

Edle Vielfalt und Abwechslung für Sie und Ihre Gäste: Erlesene Mischung feinster Schweizer Gebäckspezialitäten mit 8 Sorten

Kambly Primavera verwöhnt Sie und Ihre Gäste mit einer edlen Vielfalt feinster Schweizer Feingebäck-Spezialitäten. Acht erlesene Klassiker schenken immer wieder neue Geschmackserlebnisse und reiche Abwechslung. Zelebrieren Sie schöne Momente des Geniessens.

Primavera, Biscuit, Biscuitmischung, Feingebäck,
